{"id":10,"date":"2022-03-02T19:45:21","date_gmt":"2022-03-02T19:45:21","guid":{"rendered":"https:\/\/corovillamarta.pepelui.es\/?page_id=10"},"modified":"2026-03-19T07:33:08","modified_gmt":"2026-03-19T06:33:08","slug":"junta-directiva","status":"publish","type":"page","link":"https:\/\/corodelteatrovillamarta.org\/index.php\/junta-directiva\/","title":{"rendered":"Junta Directiva"},"content":{"rendered":"\n<p><strong>Junta directiva. Junio 2024<\/strong>:<\/p>\n\n\n\n<p class=\"has-foreground-color has-text-color\">Presidenta: Clara Cantero Gir\u00f3n<\/p>\n\n\n\n<p class=\"has-foreground-color has-text-color\">Vicepresidenta y tesorera: Inmaculada Jim\u00e9nez Almagro<\/p>\n\n\n\n<p class=\"has-foreground-color has-text-color\">Secretaria: Marta \u00c1lvarez Requejo<\/p>\n\n\n\n<p>Vocal: Andr\u00e9s de los R\u00edos Delgado<\/p>\n\n\n\n<p>Vocal: M\u00aa Isabel Romero Galera<\/p>\n\n\n\n<p><\/p>\n\n\n\n<p><strong>Otros puestos de gesti\u00f3n<\/strong>:<\/p>\n\n\n\n<p class=\"has-foreground-color has-text-color\">Equipo de marketing, comunicaci\u00f3n y relaciones p\u00fabicas: Bartolom\u00e9 Ben\u00edtez, C\u00e9sar Serrano, Juanma Montero, Roc\u00edo G\u00f3mez y Andrei Shatalov<\/p>\n\n\n\n<p class=\"has-foreground-color has-text-color\"><\/p>\n\n\n\n<p><\/p>\n","protected":false},"excerpt":{"rendered":"<p>Junta directiva. Junio 2024: Presidenta: Clara Cantero Gir\u00f3n Vicepresidenta y tesorera: Inmaculada Jim\u00e9nez Almagro Secretaria: Marta \u00c1lvarez Requejo Vocal: Andr\u00e9s de los R\u00edos Delgado Vocal: M\u00aa Isabel Romero Galera Otros [&hellip;]<\/p>\n","protected":false},"author":1,"featured_media":0,"parent":0,"menu_order":0,"comment_status":"closed","ping_status":"closed","template":"wp-custom-template-plantilla-personalizada","meta":{"_monsterinsights_skip_tracking":false,"_monsterinsights_sitenote_active":false,"_monsterinsights_sitenote_note":"","_monsterinsights_sitenote_category":0,"_EventAllDay":false,"_EventTimezone":"","_EventStartDate":"","_EventEndDate":"","_EventStartDateUTC":"","_EventEndDateUTC":"","_EventShowMap":false,"_EventShowMapLink":false,"_EventURL":"","_EventCost":"","_EventCostDescription":"","_EventCurrencySymbol":"","_EventCurrencyCode":"","_EventCurrencyPosition":"","_EventDateTimeSeparator":"","_EventTimeRangeSeparator":"","_EventOrganizerID":[],"_EventVenueID":[],"_OrganizerEmail":"","_OrganizerPhone":"","_OrganizerWebsite":"","_VenueAddress":"","_VenueCity":"","_VenueCountry":"","_VenueProvince":"","_VenueState":"","_VenueZip":"","_VenuePhone":"","_VenueURL":"","_VenueStateProvince":"","_VenueLat":"","_VenueLng":"","_VenueShowMap":false,"_VenueShowMapLink":false,"footnotes":""},"class_list":["post-10","page","type-page","status-publish","hentry"],"yoast_head":"<!-- This site is optimized with the Yoast SEO plugin v27.5 - https:\/\/yoast.com\/product\/yoast-seo-wordpress\/ -->\n<title>Junta Directiva - Coro del Teatro Villamarta<\/title>\n<meta name=\"robots\" content=\"index, follow, max-snippet:-1, max-image-preview:large, max-video-preview:-1\" \/>\n<link rel=\"canonical\" href=\"https:\/\/corodelteatrovillamarta.org\/index.php\/junta-directiva\/\" \/>\n<meta property=\"og:locale\" content=\"es_ES\" \/>\n<meta property=\"og:type\" content=\"article\" \/>\n<meta property=\"og:title\" content=\"Junta Directiva - Coro del Teatro Villamarta\" \/>\n<meta property=\"og:description\" content=\"Junta directiva. Junio 2024: Presidenta: Clara Cantero Gir\u00f3n Vicepresidenta y tesorera: Inmaculada Jim\u00e9nez Almagro Secretaria: Marta \u00c1lvarez Requejo Vocal: Andr\u00e9s de los R\u00edos Delgado Vocal: M\u00aa Isabel Romero Galera Otros [&hellip;]\" \/>\n<meta property=\"og:url\" content=\"https:\/\/corodelteatrovillamarta.org\/index.php\/junta-directiva\/\" \/>\n<meta property=\"og:site_name\" content=\"Coro del Teatro Villamarta\" \/>\n<meta property=\"article:publisher\" content=\"https:\/\/www.facebook.com\/CorodelTeatroVillamarta\" \/>\n<meta property=\"article:modified_time\" content=\"2026-03-19T06:33:08+00:00\" \/>\n<meta name=\"twitter:card\" content=\"summary_large_image\" \/>\n<meta name=\"twitter:label1\" content=\"Tiempo de lectura\" \/>\n\t<meta name=\"twitter:data1\" content=\"1 minuto\" \/>\n<script type=\"application\/ld+json\" class=\"yoast-schema-graph\">{\"@context\":\"https:\\\/\\\/schema.org\",\"@graph\":[{\"@type\":\"WebPage\",\"@id\":\"https:\\\/\\\/corodelteatrovillamarta.org\\\/index.php\\\/junta-directiva\\\/\",\"url\":\"https:\\\/\\\/corodelteatrovillamarta.org\\\/index.php\\\/junta-directiva\\\/\",\"name\":\"Junta Directiva - Coro del Teatro Villamarta\",\"isPartOf\":{\"@id\":\"https:\\\/\\\/corodelteatrovillamarta.org\\\/#website\"},\"datePublished\":\"2022-03-02T19:45:21+00:00\",\"dateModified\":\"2026-03-19T06:33:08+00:00\",\"breadcrumb\":{\"@id\":\"https:\\\/\\\/corodelteatrovillamarta.org\\\/index.php\\\/junta-directiva\\\/#breadcrumb\"},\"inLanguage\":\"es\",\"potentialAction\":[{\"@type\":\"ReadAction\",\"target\":[\"https:\\\/\\\/corodelteatrovillamarta.org\\\/index.php\\\/junta-directiva\\\/\"]}]},{\"@type\":\"BreadcrumbList\",\"@id\":\"https:\\\/\\\/corodelteatrovillamarta.org\\\/index.php\\\/junta-directiva\\\/#breadcrumb\",\"itemListElement\":[{\"@type\":\"ListItem\",\"position\":1,\"name\":\"Portada\",\"item\":\"https:\\\/\\\/corodelteatrovillamarta.org\\\/\"},{\"@type\":\"ListItem\",\"position\":2,\"name\":\"Junta Directiva\"}]},{\"@type\":\"WebSite\",\"@id\":\"https:\\\/\\\/corodelteatrovillamarta.org\\\/#website\",\"url\":\"https:\\\/\\\/corodelteatrovillamarta.org\\\/\",\"name\":\"Coro del Teatro Villamarta\",\"description\":\"Web oficial de la Asociaci\u00f3n Cultural Coro del Teatro Villamarta\",\"publisher\":{\"@id\":\"https:\\\/\\\/corodelteatrovillamarta.org\\\/#organization\"},\"potentialAction\":[{\"@type\":\"SearchAction\",\"target\":{\"@type\":\"EntryPoint\",\"urlTemplate\":\"https:\\\/\\\/corodelteatrovillamarta.org\\\/?s={search_term_string}\"},\"query-input\":{\"@type\":\"PropertyValueSpecification\",\"valueRequired\":true,\"valueName\":\"search_term_string\"}}],\"inLanguage\":\"es\"},{\"@type\":\"Organization\",\"@id\":\"https:\\\/\\\/corodelteatrovillamarta.org\\\/#organization\",\"name\":\"Asociaci\u00f3n Cultural Coro del Teatro Villamarta\",\"url\":\"https:\\\/\\\/corodelteatrovillamarta.org\\\/\",\"logo\":{\"@type\":\"ImageObject\",\"inLanguage\":\"es\",\"@id\":\"https:\\\/\\\/corodelteatrovillamarta.org\\\/#\\\/schema\\\/logo\\\/image\\\/\",\"url\":\"https:\\\/\\\/corodelteatrovillamarta.org\\\/wp-content\\\/uploads\\\/2022\\\/03\\\/Logosimbolo1-1.png\",\"contentUrl\":\"https:\\\/\\\/corodelteatrovillamarta.org\\\/wp-content\\\/uploads\\\/2022\\\/03\\\/Logosimbolo1-1.png\",\"width\":464,\"height\":141,\"caption\":\"Asociaci\u00f3n Cultural Coro del Teatro Villamarta\"},\"image\":{\"@id\":\"https:\\\/\\\/corodelteatrovillamarta.org\\\/#\\\/schema\\\/logo\\\/image\\\/\"},\"sameAs\":[\"https:\\\/\\\/www.facebook.com\\\/CorodelTeatroVillamarta\",\"https:\\\/\\\/www.instagram.com\\\/corodelteatrovillamarta\\\/\",\"https:\\\/\\\/www.youtube.com\\\/@corodelteatrovillamarta4326\"]}]}<\/script>\n<!-- \/ Yoast SEO plugin. -->","yoast_head_json":{"title":"Junta Directiva - Coro del Teatro Villamarta","robots":{"index":"index","follow":"follow","max-snippet":"max-snippet:-1","max-image-preview":"max-image-preview:large","max-video-preview":"max-video-preview:-1"},"canonical":"https:\/\/corodelteatrovillamarta.org\/index.php\/junta-directiva\/","og_locale":"es_ES","og_type":"article","og_title":"Junta Directiva - Coro del Teatro Villamarta","og_description":"Junta directiva. Junio 2024: Presidenta: Clara Cantero Gir\u00f3n Vicepresidenta y tesorera: Inmaculada Jim\u00e9nez Almagro Secretaria: Marta \u00c1lvarez Requejo Vocal: Andr\u00e9s de los R\u00edos Delgado Vocal: M\u00aa Isabel Romero Galera Otros [&hellip;]","og_url":"https:\/\/corodelteatrovillamarta.org\/index.php\/junta-directiva\/","og_site_name":"Coro del Teatro Villamarta","article_publisher":"https:\/\/www.facebook.com\/CorodelTeatroVillamarta","article_modified_time":"2026-03-19T06:33:08+00:00","twitter_card":"summary_large_image","twitter_misc":{"Tiempo de lectura":"1 minuto"},"schema":{"@context":"https:\/\/schema.org","@graph":[{"@type":"WebPage","@id":"https:\/\/corodelteatrovillamarta.org\/index.php\/junta-directiva\/","url":"https:\/\/corodelteatrovillamarta.org\/index.php\/junta-directiva\/","name":"Junta Directiva - Coro del Teatro Villamarta","isPartOf":{"@id":"https:\/\/corodelteatrovillamarta.org\/#website"},"datePublished":"2022-03-02T19:45:21+00:00","dateModified":"2026-03-19T06:33:08+00:00","breadcrumb":{"@id":"https:\/\/corodelteatrovillamarta.org\/index.php\/junta-directiva\/#breadcrumb"},"inLanguage":"es","potentialAction":[{"@type":"ReadAction","target":["https:\/\/corodelteatrovillamarta.org\/index.php\/junta-directiva\/"]}]},{"@type":"BreadcrumbList","@id":"https:\/\/corodelteatrovillamarta.org\/index.php\/junta-directiva\/#breadcrumb","itemListElement":[{"@type":"ListItem","position":1,"name":"Portada","item":"https:\/\/corodelteatrovillamarta.org\/"},{"@type":"ListItem","position":2,"name":"Junta Directiva"}]},{"@type":"WebSite","@id":"https:\/\/corodelteatrovillamarta.org\/#website","url":"https:\/\/corodelteatrovillamarta.org\/","name":"Coro del Teatro Villamarta","description":"Web oficial de la Asociaci\u00f3n Cultural Coro del Teatro Villamarta","publisher":{"@id":"https:\/\/corodelteatrovillamarta.org\/#organization"},"potentialAction":[{"@type":"SearchAction","target":{"@type":"EntryPoint","urlTemplate":"https:\/\/corodelteatrovillamarta.org\/?s={search_term_string}"},"query-input":{"@type":"PropertyValueSpecification","valueRequired":true,"valueName":"search_term_string"}}],"inLanguage":"es"},{"@type":"Organization","@id":"https:\/\/corodelteatrovillamarta.org\/#organization","name":"Asociaci\u00f3n Cultural Coro del Teatro Villamarta","url":"https:\/\/corodelteatrovillamarta.org\/","logo":{"@type":"ImageObject","inLanguage":"es","@id":"https:\/\/corodelteatrovillamarta.org\/#\/schema\/logo\/image\/","url":"https:\/\/corodelteatrovillamarta.org\/wp-content\/uploads\/2022\/03\/Logosimbolo1-1.png","contentUrl":"https:\/\/corodelteatrovillamarta.org\/wp-content\/uploads\/2022\/03\/Logosimbolo1-1.png","width":464,"height":141,"caption":"Asociaci\u00f3n Cultural Coro del Teatro Villamarta"},"image":{"@id":"https:\/\/corodelteatrovillamarta.org\/#\/schema\/logo\/image\/"},"sameAs":["https:\/\/www.facebook.com\/CorodelTeatroVillamarta","https:\/\/www.instagram.com\/corodelteatrovillamarta\/","https:\/\/www.youtube.com\/@corodelteatrovillamarta4326"]}]}},"_links":{"self":[{"href":"https:\/\/corodelteatrovillamarta.org\/index.php\/wp-json\/wp\/v2\/pages\/10","targetHints":{"allow":["GET"]}}],"collection":[{"href":"https:\/\/corodelteatrovillamarta.org\/index.php\/wp-json\/wp\/v2\/pages"}],"about":[{"href":"https:\/\/corodelteatrovillamarta.org\/index.php\/wp-json\/wp\/v2\/types\/page"}],"author":[{"embeddable":true,"href":"https:\/\/corodelteatrovillamarta.org\/index.php\/wp-json\/wp\/v2\/users\/1"}],"replies":[{"embeddable":true,"href":"https:\/\/corodelteatrovillamarta.org\/index.php\/wp-json\/wp\/v2\/comments?post=10"}],"version-history":[{"count":11,"href":"https:\/\/corodelteatrovillamarta.org\/index.php\/wp-json\/wp\/v2\/pages\/10\/revisions"}],"predecessor-version":[{"id":2132,"href":"https:\/\/corodelteatrovillamarta.org\/index.php\/wp-json\/wp\/v2\/pages\/10\/revisions\/2132"}],"wp:attachment":[{"href":"https:\/\/corodelteatrovillamarta.org\/index.php\/wp-json\/wp\/v2\/media?parent=10"}],"curies":[{"name":"wp","href":"https:\/\/api.w.org\/{rel}","templated":true}]}}

<p><strong>Junta directiva. Junio 2024</strong>:</p>



<p class="has-foreground-color has-text-color">Presidenta: Clara Cantero Girón</p>



<p class="has-foreground-color has-text-color">Vicepresidenta y tesorera: Inmaculada Jiménez Almagro</p>



<p class="has-foreground-color has-text-color">Secretaria: Marta Álvarez Requejo</p>



<p>Vocal: Andrés de los Ríos Delgado</p>



<p>Vocal: Mª Isabel Romero Galera</p>



<p></p>



<p><strong>Otros puestos de gestión</strong>:</p>



<p class="has-foreground-color has-text-color">Equipo de marketing, comunicación y relaciones púbicas: Bartolomé Benítez, César Serrano, Juanma Montero, Rocío Gómez y Andrei Shatalov</p>



<p class="has-foreground-color has-text-color"></p>



<p></p>

<p>Junta directiva. Junio 2024: Presidenta: Clara Cantero Girón Vicepresidenta y tesorera: Inmaculada Jiménez Almagro Secretaria: Marta Álvarez Requejo Vocal: Andrés de los Ríos Delgado Vocal: Mª Isabel Romero Galera Otros [&hellip;]</p>

<!-- This site is optimized with the Yoast SEO plugin v27.5 - https://yoast.com/product/yoast-seo-wordpress/ -->
<title>Junta Directiva - Coro del Teatro Villamarta</title>
<meta name="robots" content="index, follow, max-snippet:-1, max-image-preview:large, max-video-preview:-1" />
<link rel="canonical" href="https://corodelteatrovillamarta.org/index.php/junta-directiva/" />
<meta property="og:locale" content="es_ES" />
<meta property="og:type" content="article" />
<meta property="og:title" content="Junta Directiva - Coro del Teatro Villamarta" />
<meta property="og:description" content="Junta directiva. Junio 2024: Presidenta: Clara Cantero Girón Vicepresidenta y tesorera: Inmaculada Jiménez Almagro Secretaria: Marta Álvarez Requejo Vocal: Andrés de los Ríos Delgado Vocal: Mª Isabel Romero Galera Otros [&hellip;]" />
<meta property="og:url" content="https://corodelteatrovillamarta.org/index.php/junta-directiva/" />
<meta property="og:site_name" content="Coro del Teatro Villamarta" />
<meta property="article:publisher" content="https://www.facebook.com/CorodelTeatroVillamarta" />
<meta property="article:modified_time" content="2026-03-19T06:33:08+00:00" />
<meta name="twitter:card" content="summary_large_image" />
<meta name="twitter:label1" content="Tiempo de lectura" />
	<meta name="twitter:data1" content="1 minuto" />
<script type="application/ld+json" class="yoast-schema-graph">{"@context":"https:\/\/schema.org","@graph":[{"@type":"WebPage","@id":"https:\/\/corodelteatrovillamarta.org\/index.php\/junta-directiva\/","url":"https:\/\/corodelteatrovillamarta.org\/index.php\/junta-directiva\/","name":"Junta Directiva - Coro del Teatro Villamarta","isPartOf":{"@id":"https:\/\/corodelteatrovillamarta.org\/#website"},"datePublished":"2022-03-02T19:45:21+00:00","dateModified":"2026-03-19T06:33:08+00:00","breadcrumb":{"@id":"https:\/\/corodelteatrovillamarta.org\/index.php\/junta-directiva\/#breadcrumb"},"inLanguage":"es","potentialAction":[{"@type":"ReadAction","target":["https:\/\/corodelteatrovillamarta.org\/index.php\/junta-directiva\/"]}]},{"@type":"BreadcrumbList","@id":"https:\/\/corodelteatrovillamarta.org\/index.php\/junta-directiva\/#breadcrumb","itemListElement":[{"@type":"ListItem","position":1,"name":"Portada","item":"https:\/\/corodelteatrovillamarta.org\/"},{"@type":"ListItem","position":2,"name":"Junta Directiva"}]},{"@type":"WebSite","@id":"https:\/\/corodelteatrovillamarta.org\/#website","url":"https:\/\/corodelteatrovillamarta.org\/","name":"Coro del Teatro Villamarta","description":"Web oficial de la Asociación Cultural Coro del Teatro Villamarta","publisher":{"@id":"https:\/\/corodelteatrovillamarta.org\/#organization"},"potentialAction":[{"@type":"SearchAction","target":{"@type":"EntryPoint","urlTemplate":"https:\/\/corodelteatrovillamarta.org\/?s={search_term_string}"},"query-input":{"@type":"PropertyValueSpecification","valueRequired":true,"valueName":"search_term_string"}}],"inLanguage":"es"},{"@type":"Organization","@id":"https:\/\/corodelteatrovillamarta.org\/#organization","name":"Asociación Cultural Coro del Teatro Villamarta","url":"https:\/\/corodelteatrovillamarta.org\/","logo":{"@type":"ImageObject","inLanguage":"es","@id":"https:\/\/corodelteatrovillamarta.org\/#\/schema\/logo\/image\/","url":"https:\/\/corodelteatrovillamarta.org\/wp-content\/uploads\/2022\/03\/Logosimbolo1-1.png","contentUrl":"https:\/\/corodelteatrovillamarta.org\/wp-content\/uploads\/2022\/03\/Logosimbolo1-1.png","width":464,"height":141,"caption":"Asociación Cultural Coro del Teatro Villamarta"},"image":{"@id":"https:\/\/corodelteatrovillamarta.org\/#\/schema\/logo\/image\/"},"sameAs":["https:\/\/www.facebook.com\/CorodelTeatroVillamarta","https:\/\/www.instagram.com\/corodelteatrovillamarta\/","https:\/\/www.youtube.com\/@corodelteatrovillamarta4326"]}]}</script>
<!-- / Yoast SEO plugin. -->

Junta directiva. Junio 2024: Presidenta: Clara Cantero Girón Vicepresidenta y tesorera: Inmaculada Jiménez Almagro Secretaria: Marta Álvarez Requejo Vocal: Andrés de los Ríos Delgado Vocal: Mª Isabel Romero Galera Otros [&hellip;]

Web oficial de la Asociación Cultural Coro del Teatro Villamarta

Asociación Cultural Coro del Teatro Villamarta
