{"id":50,"date":"2022-03-02T20:22:37","date_gmt":"2022-03-02T20:22:37","guid":{"rendered":"https:\/\/corovillamarta.pepelui.es\/?page_id=50"},"modified":"2026-02-15T15:35:50","modified_gmt":"2026-02-15T14:35:50","slug":"galeria-de-prensa","status":"publish","type":"page","link":"https:\/\/corodelteatrovillamarta.org\/index.php\/galeria-de-prensa\/","title":{"rendered":"Galer\u00eda de Prensa"},"content":{"rendered":"\n<h2 class=\"wp-block-heading\">Galer\u00eda de prensa<\/h2>\n\n\n\n<figure class=\"wp-block-table\"><table><tbody><tr><td>22\/11\/25<\/td><td><a href=\"https:\/\/www.lavozdelsur.es\/cultura\/a-venturas-don-gil-alcala-en-teatro-villamarta_346515_102.html\">Las A(venturas) de Don Gil de Alcal\u00e1 en el Teatro Villamarta<\/a><\/td><td>La Voz del Sur<\/td><\/tr><tr><td>24\/11\/25<\/td><td><a href=\"https:\/\/www.diariodejerez.es\/jerez\/don-gil-alcala-precedido-exitos-villamarta-jerez-exito_0_2005298446.html\">Un &#8216;Don Gil de Alcal\u00e1&#8217; precedido de \u00e9xitos, triunfa tambi\u00e9n en el Villamarta de Jerez<\/a><\/td><td>Diario de Jerez<\/td><\/tr><tr><td>26\/11\/25<\/td><td><a href=\"https:\/\/www.beckmesser.com\/elegancia-emilio-sagi-jerez-don-gil-de-alcala\/\">La elegancia de Emilio Sagi triunfa en Jerez con \u2018Don Gil de Alcal\u00e1\u2019<\/a><\/td><td>Beckmesser<\/td><\/tr><tr><td>27\/11\/25<\/td><td><a href=\"https:\/\/www.operaactual.com\/critica\/el-don-gil-de-alcala-de-sagi-tambien-triunfa-en-el-villamarta\/\">El &#8216;Don Gil de Alcal\u00e1&#8217; de Sagi tambi\u00e9n triunfa en el Villamarta<\/a><\/td><td>\u00d3pera Actual<\/td><\/tr><tr><td>26\/01\/25<\/td><td><a href=\"https:\/\/www.beckmesser.com\/critica-excelente-macbeth-en-jerez\/?fbclid=IwY2xjawILa-pleHRuA2FlbQIxMQABHbKGA8_EotIERLz0oWYklRNmWppC_s4J8hstSltpFbYodaX89Fc1qbwpkw_aem_Ku2_PLv3MWu-ozaIaL7kuQ\" target=\"_blank\" rel=\"noreferrer noopener\">Critica: Excelente \u201cMacbeth\u201d en Jerez<\/a><\/td><td>Beckmesser<\/td><\/tr><tr><td>25\/01\/25<\/td><td><a href=\"https:\/\/www.lavozdelsur.es\/cultura\/lady-macbeth-casi-gana-partida_327681_102.html?fbclid=IwY2xjawILbPFleHRuA2FlbQIxMQABHU7hOsY7Q-cRZdbCqZmWKRjtGxsq_iAL_BEUoXtkkl25KGC0VDiopftssQ_aem_Geb8q-bfPMKBNomYMejfrQ\">Lady Macbeth casi gana la partida<\/a><\/td><td>La Voz del Sur<\/td><\/tr><tr><td>25\/01\/25<\/td><td><a href=\"https:\/\/www.diariodejerez.es\/jerez\/macbeth-sube-liston-teatro-villamarta_0_2003212891.html?utm_source=facebook.com&amp;utm_medium=socialshare&amp;utm_campaign=desktop&amp;fbclid=IwY2xjawILbLNleHRuA2FlbQIxMQABHeN8U9BbNRMi3VjIL3CN6Wdh6klO92BrgKGAQUOXEE6jRZ-62vlewt3yZw_aem_Ftp2slslojOcGFE-nrLMjg\">Macbeth sube el list\u00f3n en el Teatro Villamarta<\/a><\/td><td>Diario de Jerez<\/td><\/tr><tr><td>25\/01\/25<\/td><td><a href=\"https:\/\/www.diariodejerez.es\/jerez\/imagenes-opera-macbeth-teatro-villamarta_3_2003202555.html?utm_source=facebook.com&amp;utm_medium=socialshare&amp;utm_campaign=desktop&amp;fbclid=IwY2xjawILbGVleHRuA2FlbQIxMQABHYR_pDsIOfpEzIAFdacKXMpO06-9Ou_fiUaB3lJSuwdBqSIiqtEIA3vaKA_aem_9Abs1RwGjZbeoIf7xEpHEA\">Im\u00e1genes de la \u00f3pera &#8216;Macbeth&#8217; en el Teatro Villamarta de Jerez<\/a><\/td><td>Diario de Jerez<\/td><\/tr><tr><td>19\/01\/25<\/td><td><a href=\"https:\/\/www.diariodejerez.es\/ocio\/macbeth-verdi-reto-altura-coro-teatro-villamarta-jerez_0_2003157520.html?fbclid=IwY2xjawH6LndleHRuA2FlbQIxMQABHfT00vR8YuyRVXD2Fj5-d7RsZJm_h0vm_VLh2Xk3HwYicxX83AA8SqwgWg_aem_cYSh0O6Y1ZhZGi72QvEJwQ\" target=\"_blank\" rel=\"noreferrer noopener\">Macbeth y Verdi, un reto de altura<\/a><\/td><td>Diario de Jerez<\/td><\/tr><tr><td>07\/06\/24<\/td><td><a href=\"https:\/\/www.codalario.com\/la-traviata\/criticas\/critica-la-traviata-en-el-teatro-villamarta-de-jerez_13351_5_42670_0_1_in.html\">Cr\u00edtica: \u00abLa traviata\u00bb en el Teatro Villamarta de Jerez<\/a><\/td><td>Codalario<\/td><\/tr><tr><td>01\/06\/24<\/td><td><a href=\"https:\/\/www.diariodejerez.es\/ocio\/Traviata-magica-Villamarta-Jerez_0_1908109953.html\">La Traviata m\u00e1gica (cr\u00edtica)<\/a><\/td><td>Diario de Jerez<\/td><\/tr><tr><td>27\/01\/24<\/td><td><a href=\"https:\/\/www.diariodejerez.es\/ocio\/critica-Madame-Butterfly-Villamarta-Jerez-Arteta_0_1870313526.html\">Cr\u00edtica Madama Butterfly<\/a><\/td><td>Diario de Jerez<\/td><\/tr><tr><td>13\/02\/23<\/td><td><a href=\"https:\/\/www.mundoclasico.com\/articulo\/38495\/A-los-cien-a%C3%B1os-de-%E2%80%9CDo%C3%B1a-Francisquita%E2%80%9D?fbclid=IwAR2TyVosaIQclGSQE9ed1R-RRHqyAewQccFB7cd9I6uDmg5nkXeoTZBCG0w\" target=\"_blank\" rel=\"noreferrer noopener\">A los cien a\u00f1os de \u201cDo\u00f1a Francisquita\u201d<\/a><\/td><td>Mundoclasico.com<\/td><\/tr><tr><td>28\/01\/23<\/td><td><a href=\"https:\/\/www.lavozdelsur.es\/cultura\/dona-francisquita-enamorada-discreta_289853_102.html\" target=\"_blank\" rel=\"noreferrer noopener\">Do\u00f1a Francisquita, la enamorada discreta<\/a><\/td><td>La Voz del Sur<\/td><\/tr><tr><td>28\/01\/23<\/td><td><a href=\"https:\/\/www.diariodejerez.es\/ocio\/Villamarta-Dona-Francisquita-zarzuela-alegria-vitalidad_0_1761124301.html\" target=\"_blank\" rel=\"noreferrer noopener\">Do\u00f1a Francisquita, el prototipo de zarzuela repleta de alegr\u00eda y vitalidad<\/a><\/td><td>Diario de Jerez<\/td><\/tr><tr><td>21\/12\/22<\/td><td><a href=\"https:\/\/www.diariodejerez.es\/ocio\/Teatro-Villamarta-Carmina-Burana-Jerez_0_1749726764.html\" target=\"_blank\" rel=\"noreferrer noopener\">El Teatro Villamarta despide el a\u00f1o con el \u2018Carmina Burana\u2019 de su Coro en Jerez<\/a><\/td><td>Diario de Jerez<\/td><\/tr><tr><td>04\/12\/22<\/td><td><a href=\"https:\/\/www.diariodejerez.es\/ocio\/Goliardos-Villamarta-Carmina-Burana-coro_0_1742225996.html\" target=\"_blank\" rel=\"noreferrer noopener\">Goliardos en el Villamarta<\/a><\/td><td>Diario de Jerez<\/td><\/tr><tr><td>02\/12\/22<\/td><td><a href=\"https:\/\/www.lavozdelsur.es\/vida\/sabor-del-sur\/navidad\/musica-se-hace-oir-entre-futbol-villancicos-con-oh-fortuna-carmina-burana_286877_102.html\" target=\"_blank\" rel=\"noreferrer noopener\">Alucinante estreno de la Navidad en \u00c1rea Sur Jerez: \u2018flashmob\u2019 de \u2018Carmina Burana\u2019 y villancicos<\/a><\/td><td>La Voz del Sur<\/td><\/tr><tr><td>02\/12\/22<\/td><td><a href=\"https:\/\/www.diariodejerez.es\/jerez\/Area-Sur-bienvenida-Navidad-flashmob-multitudinario_0_1744026052.html\" target=\"_blank\" rel=\"noreferrer noopener\">\u00c1rea Sur da la bienvenida a la Navidad con un flashmob multitudinario<\/a><\/td><td>Diario de Jerez<\/td><\/tr><tr><td>02\/12\/22<\/td><td><a href=\"https:\/\/www.cope.es\/emisoras\/andalucia\/cadiz-provincia\/jerez\/noticias\/area-sur-jerez-centro-comercial-navidad-flashmob-coro-teatro-villamarta-20221202_2430897\" target=\"_blank\" rel=\"noreferrer noopener\">Un flashmob navide\u00f1o multitudinario sorprende a los visitantes de \u00c1rea Sur<\/a><\/td><td>COPE<\/td><\/tr><tr><td>02\/12\/22<\/td><td><a href=\"https:\/\/cadenaser.com\/andalucia\/2022\/12\/02\/area-sur-da-la-bienvenida-a-la-navidad-con-un-sorprendente-flashmob-radio-jerez\/\" target=\"_blank\" rel=\"noreferrer noopener\">\u00c1rea Sur da la bienvenida a la navidad con un sorprendente flashmob<\/a><\/td><td>Cadena SER<\/td><\/tr><tr><td>29\/11\/22<\/td><td><a href=\"https:\/\/www.ondacero.es\/emisoras\/andalucia\/jerez-frontera\/audios\/mas-de-uno\/mas-uno-jerez-29112022_20221129638607d84a5f3000014a5b89.html?fbclid=IwAR2BQr-FAdkSPmxahmRG1M3KZT7slers2hYYL4IOuBE5WqLP7vj_bR0eN-s\" target=\"_blank\" rel=\"noreferrer noopener\">Entrevista en el programa \u201cM\u00e1s de uno Jerez\u201d<\/a><\/td><td>Onda Cero Jerez<\/td><\/tr><tr><td>30\/06\/22<\/td><td><a href=\"https:\/\/www.operaworld.es\/dialogos-de-carmelitas-en-jerez-exitoso-dialogo-entre-realidad-y-ficcion\/?fbclid=IwAR0WjOYEhA181PUMySU7KAg_TBTDi5bApv8YQ1fLtw0ZVuRLHQLyrkoayg4\">Cr\u00edtica Di\u00e1logo de Carmelitas<\/a><\/td><td>\u00d3peraworld<\/td><\/tr><tr><td>27\/06\/22<\/td><td><a href=\"https:\/\/www.beckmesser.com\/dialogo-de-carmelitas-en-jerez\/?fbclid=IwAR3bd6VsrPNlc_q2u6EAT0pcvZfFjTFwU6X0qJ5GGNTmyjbe5ZQL9P9dBtg\">Cr\u00edtica Di\u00e1logo de Carmelitas<\/a><\/td><td>Beckmesser<\/td><\/tr><tr><td>22\/05\/22<\/td><td><a href=\"https:\/\/www.diariodejerez.es\/jerez\/Arrancan-audiciones-Escuela-Coral-Jerez-video_0_1685532384.html\">A<\/a><a href=\"https:\/\/www.diariodejerez.es\/jerez\/Arrancan-audiciones-Escuela-Coral-Jerez-video_0_1685532384.html\" target=\"_blank\" rel=\"noreferrer noopener\">rrancan las audiciones para la Escuela Coral de Jerez<\/a><\/td><td>Diario de Jerez<\/td><\/tr><tr><td>16\/04\/22<\/td><td><a href=\"https:\/\/www.codalario.com\/jose-maria-moreno\/criticas\/critica-jose-maria-moreno-dirige-el-requiem-de-verdi-en-malaga_11126_5_35161_0_1_in.html\">Cr\u00edtica Requiem de Verdi<\/a><\/td><td>Codalario<\/td><\/tr><tr><td>10\/04\/22<\/td><td><a href=\"https:\/\/www.laopiniondemalaga.es\/cultura-espectaculos\/2022\/04\/10\/verdi-portico-semana-mayor-64874758.html\">Cr\u00edtica Requiem de Verdi<\/a><\/td><td>La Opini\u00f3n de M\u00e1laga<\/td><\/tr><tr><td>27\/03\/22<\/td><td><a href=\"https:\/\/www.diariodejerez.es\/jerez\/Jerez-Coros-Paz-Ucrania-Arenal-video_0_1669033605.html?utm_source=whatsapp.com&amp;utm_medium=socialshare&amp;utm_campaign=mobile_amp\">Jerez se une a Coros por la Paz en Ucrania cantando en el Arenal<\/a><\/td><td>Diario de Jerez<\/td><\/tr><tr><td>25\/03\/22<\/td><td><a href=\"https:\/\/jereztelevision.com\/el-coro-del-teatro-villamarta-y-otras-agrupaciones-musicales-de-jerez-se-unen-a-la-iniciativa-musical-europea-coros-por-la-paz-este-domingo-en-la-plaza-del-arenal\/\">El Coro del Teatro Villamarta y otras agrupaciones musicales de Jerez se unen a la iniciativa musical europea \u2018Coros por la paz\u2019 este domingo en la Plaza del Arenal<\/a><\/td><td>Jerez Televisi\u00f3n<\/td><\/tr><tr><td>24\/03\/22<\/td><td><a href=\"https:\/\/www.lavozdelsur.es\/ediciones\/jerez\/jerez-se-une-evento-mundial-cantar-por-mundo-mejor-unido-por-paz_274159_102.html\">Jerez se une a un evento mundial para \u201ccantar por un mundo mejor y unido por la paz\u201d<\/a><\/td><td>La Voz del Sur<\/td><\/tr><tr><td>05\/03\/22<\/td><td><a href=\"https:\/\/www.diariodejerez.es\/ocio\/Coro-Teatro-Villamarta-direccion-artistica_0_1662434648.html?utm_source=whatsapp.com&amp;utm_medium=socialshare&amp;utm_campaign=mobile_amp\">El Coro del Teatro Villamarta estrena nueva direcci\u00f3n art\u00edstica<\/a><\/td><td>Diario de Jerez<\/td><\/tr><tr><td>05\/03\/22<\/td><td><a href=\"https:\/\/www.lavozdelsur.es\/ediciones\/jerez\/nueva-direccion-artistica-coro-villamarta-acercar-lirica-mas-desfavorecidos_273175_102.html\">Nueva direcci\u00f3n art\u00edstica del coro del Villamarta \u201cpara acercar la l\u00edrica a los m\u00e1s desfavorecidos\u201d<\/a><\/td><td>La Voz del Sur<\/td><\/tr><tr><td>27\/11\/21<\/td><td><a href=\"https:\/\/www.diariodejerez.es\/ocio\/Villamarta-celebra-arropado-lirica-flamenco_0_1632738370.html\" target=\"_blank\" rel=\"noreferrer noopener\">El Villamarta celebra una gala de cumplea\u00f1os digna y pensada para emocionar<\/a><\/td><td>Diario de Jerez<\/td><\/tr><tr><td>27\/11\/21<\/td><td><a href=\"https:\/\/www.diariodejerez.es\/ocio\/Gala-aniversario-Teatro-Villamarta_3_1633066687.html\" target=\"_blank\" rel=\"noreferrer noopener\">Im\u00e1genes de la Gala XXV aniversario del Teatro Villamarta<\/a><\/td><td>Diario de Jerez<\/td><\/tr><tr><td>03\/10\/21<\/td><td><a href=\"https:\/\/www.diariodejerez.es\/ocio\/Coro-Teatro-Villamarta-abierto-proceso-admision_0_1615938712.html?utm_source=whatsapp.com&amp;utm_medium=socialshare&amp;utm_campaign=mobile_amp\">Coro del Teatro Villamarta: abierto el proceso de admisi\u00f3n<\/a><\/td><td>Diario de Jerez<\/td><\/tr><tr><td>03\/10\/21<\/td><td><a href=\"https:\/\/www.cope.es\/emisoras\/andalucia\/cadiz-provincia\/jerez\/noticias\/llamamiento-del-coro-del-villamarta-genera-una-avalancha-solicitudes-20211003_1536099\">El llamamiento del Coro del Villamarta genera una avalancha de solicitudes<\/a><\/td><td>Cope- Jerez<\/td><\/tr><tr><td>15\/09\/21<\/td><td><a href=\"https:\/\/www.cope.es\/emisoras\/andalucia\/cadiz-provincia\/jerez\/noticias\/atreves-cantar-villamarta-cuestion-mas-oido-musical-que-voz-20210915_1499907\">\u00bfTe atreves a cantar en Villamarta?: \u201cEs cuesti\u00f3n m\u00e1s de o\u00eddo musical que de voz\u201d<\/a><\/td><td>Cope- Jerez<\/td><\/tr><tr><td>06\/09\/21<\/td><td><a href=\"https:\/\/www.diariodejerez.es\/ocio\/coro-villamarta-busca-nuevas-voces-jerez_0_1608440209.html\" target=\"_blank\" rel=\"noreferrer noopener\">El Coro del Villamarta busca nuevas voces<\/a><\/td><td>Diario de Jerez<\/td><\/tr><tr><td>21\/02\/21<\/td><td><a href=\"https:\/\/www.diariodejerez.es\/jerez\/Muere-Jose-Ramon-Lopez-Villamarta_0_1549345404.html\" target=\"_blank\" rel=\"noreferrer noopener\">Muere Jos\u00e9 Ram\u00f3n L\u00f3pez, presidente del Coro del Teatro Villamarta<\/a><\/td><td>Diario de Jerez<\/td><\/tr><tr><td>25\/09\/20<\/td><td><a href=\"https:\/\/www.diariodejerez.es\/ocio\/Villamarta-sala-ensayos-Jose-Luis-Rosa-homenaje_0_1504649835.html?utm_source=whatsapp.com&amp;utm_medium=socialshare&amp;utm_campaign=mobile_web\" target=\"_blank\" rel=\"noreferrer noopener\">El Villamarta dedica una sala de ensayos a Jos\u00e9 Luis de la Rosa<\/a><\/td><td>Diario de Jerez<\/td><\/tr><tr><td>03\/12\/19<\/td><td><a href=\"https:\/\/www.diariodejerez.es\/ocio\/Navidad-reta-Coro-Villamarta_0_1415558822.html\" target=\"_blank\" rel=\"noreferrer noopener\">La Navidad reta al Coro del Villamarta<\/a><\/td><td>Diario de Jerez<\/td><\/tr><tr><td>20\/01\/19<\/td><td><a href=\"https:\/\/www.diariodejerez.es\/ocio\/Coro-Villamarta-direccion-nuevas_0_1319268435.html\" target=\"_blank\" rel=\"noreferrer noopener\">El Coro del Teatro Villamarta estrena direcci\u00f3n musical<\/a><\/td><td>Diario de Jerez<\/td><\/tr><tr><td>20\/03\/18<\/td><td><a href=\"https:\/\/www.diariodejerez.es\/ocio\/Miserere-tradicion-vuelve_0_1228677136.html\" target=\"_blank\" rel=\"noreferrer noopener\">El \u2018Miserere\u2019, la tradici\u00f3n que vuelve<\/a><\/td><td>Diario de Jerez<\/td><\/tr><tr><td>14\/11\/16<\/td><td><a href=\"https:\/\/www.diariodejerez.es\/ocio\/Novena-Beethoven-experiencia-vital_0_1081391914.html\">La \u2018Novena\u2019 de Beethoven, Una experiencia vital<\/a><\/td><td>Diario de Jerez<\/td><\/tr><\/tbody><\/table><\/figure>\n\n\n\n<div class=\"wp-block-group is-layout-flow wp-block-group-is-layout-flow\">\n<div class=\"wp-block-group has-large-font-size is-layout-flow wp-block-group-is-layout-flow\">\n<p><\/p>\n\n\n\n<div class=\"wp-block-columns is-layout-flex wp-container-core-columns-is-layout-28f84493 wp-block-columns-is-layout-flex\">\n<div class=\"wp-block-column is-layout-flow wp-block-column-is-layout-flow\" style=\"flex-basis:100%\"><\/div>\n<\/div>\n<\/div>\n<\/div>\n","protected":false},"excerpt":{"rendered":"<p>Galer\u00eda de prensa 22\/11\/25 Las A(venturas) de Don Gil de Alcal\u00e1 en el Teatro Villamarta La Voz del Sur 24\/11\/25 Un &#8216;Don Gil de Alcal\u00e1&#8217; precedido de \u00e9xitos, triunfa tambi\u00e9n [&hellip;]<\/p>\n","protected":false},"author":1,"featured_media":0,"parent":0,"menu_order":0,"comment_status":"closed","ping_status":"closed","template":"wp-custom-template-plantilla-personalizada","meta":{"_monsterinsights_skip_tracking":false,"_monsterinsights_sitenote_active":false,"_monsterinsights_sitenote_note":"","_monsterinsights_sitenote_category":0,"_EventAllDay":false,"_EventTimezone":"","_EventStartDate":"","_EventEndDate":"","_EventStartDateUTC":"","_EventEndDateUTC":"","_EventShowMap":false,"_EventShowMapLink":false,"_EventURL":"","_EventCost":"","_EventCostDescription":"","_EventCurrencySymbol":"","_EventCurrencyCode":"","_EventCurrencyPosition":"","_EventDateTimeSeparator":"","_EventTimeRangeSeparator":"","_EventOrganizerID":[],"_EventVenueID":[],"_OrganizerEmail":"","_OrganizerPhone":"","_OrganizerWebsite":"","_VenueAddress":"","_VenueCity":"","_VenueCountry":"","_VenueProvince":"","_VenueState":"","_VenueZip":"","_VenuePhone":"","_VenueURL":"","_VenueStateProvince":"","_VenueLat":"","_VenueLng":"","_VenueShowMap":false,"_VenueShowMapLink":false,"footnotes":""},"class_list":["post-50","page","type-page","status-publish","hentry"],"yoast_head":"<!-- This site is optimized with the Yoast SEO plugin v27.5 - https:\/\/yoast.com\/product\/yoast-seo-wordpress\/ -->\n<title>Galer\u00eda de Prensa - Coro del Teatro Villamarta<\/title>\n<meta name=\"robots\" content=\"index, follow, max-snippet:-1, max-image-preview:large, max-video-preview:-1\" \/>\n<link rel=\"canonical\" href=\"https:\/\/corodelteatrovillamarta.org\/index.php\/galeria-de-prensa\/\" \/>\n<meta property=\"og:locale\" content=\"es_ES\" \/>\n<meta property=\"og:type\" content=\"article\" \/>\n<meta property=\"og:title\" content=\"Galer\u00eda de Prensa - Coro del Teatro Villamarta\" \/>\n<meta property=\"og:description\" content=\"Galer\u00eda de prensa 22\/11\/25 Las A(venturas) de Don Gil de Alcal\u00e1 en el Teatro Villamarta La Voz del Sur 24\/11\/25 Un &#8216;Don Gil de Alcal\u00e1&#8217; precedido de \u00e9xitos, triunfa tambi\u00e9n [&hellip;]\" \/>\n<meta property=\"og:url\" content=\"https:\/\/corodelteatrovillamarta.org\/index.php\/galeria-de-prensa\/\" \/>\n<meta property=\"og:site_name\" content=\"Coro del Teatro Villamarta\" \/>\n<meta property=\"article:publisher\" content=\"https:\/\/www.facebook.com\/CorodelTeatroVillamarta\" \/>\n<meta property=\"article:modified_time\" content=\"2026-02-15T14:35:50+00:00\" \/>\n<meta name=\"twitter:card\" content=\"summary_large_image\" \/>\n<meta name=\"twitter:label1\" content=\"Tiempo de lectura\" \/>\n\t<meta name=\"twitter:data1\" content=\"3 minutos\" \/>\n<script type=\"application\/ld+json\" class=\"yoast-schema-graph\">{\"@context\":\"https:\\\/\\\/schema.org\",\"@graph\":[{\"@type\":\"WebPage\",\"@id\":\"https:\\\/\\\/corodelteatrovillamarta.org\\\/index.php\\\/galeria-de-prensa\\\/\",\"url\":\"https:\\\/\\\/corodelteatrovillamarta.org\\\/index.php\\\/galeria-de-prensa\\\/\",\"name\":\"Galer\u00eda de Prensa - Coro del Teatro Villamarta\",\"isPartOf\":{\"@id\":\"https:\\\/\\\/corodelteatrovillamarta.org\\\/#website\"},\"datePublished\":\"2022-03-02T20:22:37+00:00\",\"dateModified\":\"2026-02-15T14:35:50+00:00\",\"breadcrumb\":{\"@id\":\"https:\\\/\\\/corodelteatrovillamarta.org\\\/index.php\\\/galeria-de-prensa\\\/#breadcrumb\"},\"inLanguage\":\"es\",\"potentialAction\":[{\"@type\":\"ReadAction\",\"target\":[\"https:\\\/\\\/corodelteatrovillamarta.org\\\/index.php\\\/galeria-de-prensa\\\/\"]}]},{\"@type\":\"BreadcrumbList\",\"@id\":\"https:\\\/\\\/corodelteatrovillamarta.org\\\/index.php\\\/galeria-de-prensa\\\/#breadcrumb\",\"itemListElement\":[{\"@type\":\"ListItem\",\"position\":1,\"name\":\"Portada\",\"item\":\"https:\\\/\\\/corodelteatrovillamarta.org\\\/\"},{\"@type\":\"ListItem\",\"position\":2,\"name\":\"Galer\u00eda de Prensa\"}]},{\"@type\":\"WebSite\",\"@id\":\"https:\\\/\\\/corodelteatrovillamarta.org\\\/#website\",\"url\":\"https:\\\/\\\/corodelteatrovillamarta.org\\\/\",\"name\":\"Coro del Teatro Villamarta\",\"description\":\"Web oficial de la Asociaci\u00f3n Cultural Coro del Teatro Villamarta\",\"publisher\":{\"@id\":\"https:\\\/\\\/corodelteatrovillamarta.org\\\/#organization\"},\"potentialAction\":[{\"@type\":\"SearchAction\",\"target\":{\"@type\":\"EntryPoint\",\"urlTemplate\":\"https:\\\/\\\/corodelteatrovillamarta.org\\\/?s={search_term_string}\"},\"query-input\":{\"@type\":\"PropertyValueSpecification\",\"valueRequired\":true,\"valueName\":\"search_term_string\"}}],\"inLanguage\":\"es\"},{\"@type\":\"Organization\",\"@id\":\"https:\\\/\\\/corodelteatrovillamarta.org\\\/#organization\",\"name\":\"Asociaci\u00f3n Cultural Coro del Teatro Villamarta\",\"url\":\"https:\\\/\\\/corodelteatrovillamarta.org\\\/\",\"logo\":{\"@type\":\"ImageObject\",\"inLanguage\":\"es\",\"@id\":\"https:\\\/\\\/corodelteatrovillamarta.org\\\/#\\\/schema\\\/logo\\\/image\\\/\",\"url\":\"https:\\\/\\\/corodelteatrovillamarta.org\\\/wp-content\\\/uploads\\\/2022\\\/03\\\/Logosimbolo1-1.png\",\"contentUrl\":\"https:\\\/\\\/corodelteatrovillamarta.org\\\/wp-content\\\/uploads\\\/2022\\\/03\\\/Logosimbolo1-1.png\",\"width\":464,\"height\":141,\"caption\":\"Asociaci\u00f3n Cultural Coro del Teatro Villamarta\"},\"image\":{\"@id\":\"https:\\\/\\\/corodelteatrovillamarta.org\\\/#\\\/schema\\\/logo\\\/image\\\/\"},\"sameAs\":[\"https:\\\/\\\/www.facebook.com\\\/CorodelTeatroVillamarta\",\"https:\\\/\\\/www.instagram.com\\\/corodelteatrovillamarta\\\/\",\"https:\\\/\\\/www.youtube.com\\\/@corodelteatrovillamarta4326\"]}]}<\/script>\n<!-- \/ Yoast SEO plugin. -->","yoast_head_json":{"title":"Galer\u00eda de Prensa - Coro del Teatro Villamarta","robots":{"index":"index","follow":"follow","max-snippet":"max-snippet:-1","max-image-preview":"max-image-preview:large","max-video-preview":"max-video-preview:-1"},"canonical":"https:\/\/corodelteatrovillamarta.org\/index.php\/galeria-de-prensa\/","og_locale":"es_ES","og_type":"article","og_title":"Galer\u00eda de Prensa - Coro del Teatro Villamarta","og_description":"Galer\u00eda de prensa 22\/11\/25 Las A(venturas) de Don Gil de Alcal\u00e1 en el Teatro Villamarta La Voz del Sur 24\/11\/25 Un &#8216;Don Gil de Alcal\u00e1&#8217; precedido de \u00e9xitos, triunfa tambi\u00e9n [&hellip;]","og_url":"https:\/\/corodelteatrovillamarta.org\/index.php\/galeria-de-prensa\/","og_site_name":"Coro del Teatro Villamarta","article_publisher":"https:\/\/www.facebook.com\/CorodelTeatroVillamarta","article_modified_time":"2026-02-15T14:35:50+00:00","twitter_card":"summary_large_image","twitter_misc":{"Tiempo de lectura":"3 minutos"},"schema":{"@context":"https:\/\/schema.org","@graph":[{"@type":"WebPage","@id":"https:\/\/corodelteatrovillamarta.org\/index.php\/galeria-de-prensa\/","url":"https:\/\/corodelteatrovillamarta.org\/index.php\/galeria-de-prensa\/","name":"Galer\u00eda de Prensa - Coro del Teatro Villamarta","isPartOf":{"@id":"https:\/\/corodelteatrovillamarta.org\/#website"},"datePublished":"2022-03-02T20:22:37+00:00","dateModified":"2026-02-15T14:35:50+00:00","breadcrumb":{"@id":"https:\/\/corodelteatrovillamarta.org\/index.php\/galeria-de-prensa\/#breadcrumb"},"inLanguage":"es","potentialAction":[{"@type":"ReadAction","target":["https:\/\/corodelteatrovillamarta.org\/index.php\/galeria-de-prensa\/"]}]},{"@type":"BreadcrumbList","@id":"https:\/\/corodelteatrovillamarta.org\/index.php\/galeria-de-prensa\/#breadcrumb","itemListElement":[{"@type":"ListItem","position":1,"name":"Portada","item":"https:\/\/corodelteatrovillamarta.org\/"},{"@type":"ListItem","position":2,"name":"Galer\u00eda de Prensa"}]},{"@type":"WebSite","@id":"https:\/\/corodelteatrovillamarta.org\/#website","url":"https:\/\/corodelteatrovillamarta.org\/","name":"Coro del Teatro Villamarta","description":"Web oficial de la Asociaci\u00f3n Cultural Coro del Teatro Villamarta","publisher":{"@id":"https:\/\/corodelteatrovillamarta.org\/#organization"},"potentialAction":[{"@type":"SearchAction","target":{"@type":"EntryPoint","urlTemplate":"https:\/\/corodelteatrovillamarta.org\/?s={search_term_string}"},"query-input":{"@type":"PropertyValueSpecification","valueRequired":true,"valueName":"search_term_string"}}],"inLanguage":"es"},{"@type":"Organization","@id":"https:\/\/corodelteatrovillamarta.org\/#organization","name":"Asociaci\u00f3n Cultural Coro del Teatro Villamarta","url":"https:\/\/corodelteatrovillamarta.org\/","logo":{"@type":"ImageObject","inLanguage":"es","@id":"https:\/\/corodelteatrovillamarta.org\/#\/schema\/logo\/image\/","url":"https:\/\/corodelteatrovillamarta.org\/wp-content\/uploads\/2022\/03\/Logosimbolo1-1.png","contentUrl":"https:\/\/corodelteatrovillamarta.org\/wp-content\/uploads\/2022\/03\/Logosimbolo1-1.png","width":464,"height":141,"caption":"Asociaci\u00f3n Cultural Coro del Teatro Villamarta"},"image":{"@id":"https:\/\/corodelteatrovillamarta.org\/#\/schema\/logo\/image\/"},"sameAs":["https:\/\/www.facebook.com\/CorodelTeatroVillamarta","https:\/\/www.instagram.com\/corodelteatrovillamarta\/","https:\/\/www.youtube.com\/@corodelteatrovillamarta4326"]}]}},"_links":{"self":[{"href":"https:\/\/corodelteatrovillamarta.org\/index.php\/wp-json\/wp\/v2\/pages\/50","targetHints":{"allow":["GET"]}}],"collection":[{"href":"https:\/\/corodelteatrovillamarta.org\/index.php\/wp-json\/wp\/v2\/pages"}],"about":[{"href":"https:\/\/corodelteatrovillamarta.org\/index.php\/wp-json\/wp\/v2\/types\/page"}],"author":[{"embeddable":true,"href":"https:\/\/corodelteatrovillamarta.org\/index.php\/wp-json\/wp\/v2\/users\/1"}],"replies":[{"embeddable":true,"href":"https:\/\/corodelteatrovillamarta.org\/index.php\/wp-json\/wp\/v2\/comments?post=50"}],"version-history":[{"count":24,"href":"https:\/\/corodelteatrovillamarta.org\/index.php\/wp-json\/wp\/v2\/pages\/50\/revisions"}],"predecessor-version":[{"id":2108,"href":"https:\/\/corodelteatrovillamarta.org\/index.php\/wp-json\/wp\/v2\/pages\/50\/revisions\/2108"}],"wp:attachment":[{"href":"https:\/\/corodelteatrovillamarta.org\/index.php\/wp-json\/wp\/v2\/media?parent=50"}],"curies":[{"name":"wp","href":"https:\/\/api.w.org\/{rel}","templated":true}]}}