{"id":8,"date":"2022-03-02T19:44:08","date_gmt":"2022-03-02T19:44:08","guid":{"rendered":"https:\/\/corovillamarta.pepelui.es\/?page_id=8"},"modified":"2024-09-23T16:56:00","modified_gmt":"2024-09-23T16:56:00","slug":"historia","status":"publish","type":"page","link":"https:\/\/corodelteatrovillamarta.org\/index.php\/historia\/","title":{"rendered":"Historia del Coro"},"content":{"rendered":"\n<div class=\"wp-block-columns alignwide is-layout-flex wp-container-core-columns-is-layout-aaaa4fb5 wp-block-columns-is-layout-flex\" style=\"padding-top:10px;padding-right:10px;padding-bottom:10px;padding-left:10px\">\n<div class=\"wp-block-column is-layout-flow wp-block-column-is-layout-flow\" style=\"padding-top:0px;padding-right:0px;padding-bottom:0px;padding-left:0px\">\n<p>El Coro del Teatro Villamarta, fundado en 1997, cumple un papel fundamental en la vida cultural de Jerez. Cuenta actualmente con m\u00e1s de sesenta voces repartidas entre las cuerdas de sopranos, contraltos, tenores y bajos. En su ya dilatada trayectoria ha participado en todas las temporadas l\u00edricas del coliseo jerezano y actuado en numerosos escenarios, cert\u00e1menes y festivales de Espa\u00f1a, donde ha interpretado los t\u00edtulos principales del gran repertorio de la \u00f3pera, entre ellos <em>El rapto en el serrallo, Las bodas de F\u00edgaro, Don Giovanni y La flauta m\u00e1gica <\/em>de W. A. Mozart; <em>Nabucco, Macbeth, Rigoletto, Il Trovatore, La Traviata y Falstaff <\/em>de G. Verdi<em>; Le Villi, La Boh\u00e8me, Tosca, Madame Butterfly, Suor Angelica y Turandot <\/em>de G. Puccini; <em>L\u2019elisir d\u2019amore, Lucia di Lammermoor, La fille du regiment y Don Pasquale <\/em>de G. Donizetti; <em>Orfeo y Euridice <\/em>de G. Gluck; <em>Rom\u00e9o et Juliette <\/em>de Ch. Gounod; <em>Manon <\/em>de J. Massenet; <em>Carmen <\/em>de G. Bizet; <em>L\u2019italiana in Algeri, Il barbiere di Siviglia y La Cenerentola <\/em>de G. Rossini; <em>Eugene Onegin <\/em>de P. Tchaikovsky.<\/p>\n\n\n\n<figure class=\"wp-block-image size-large\"><img loading=\"lazy\" decoding=\"async\" width=\"1024\" height=\"576\" src=\"https:\/\/corodelteatrovillamarta.org\/wp-content\/uploads\/2022\/03\/Foto-coro-1-1024x576.jpg\" alt=\"\" class=\"wp-image-1143\" srcset=\"https:\/\/corodelteatrovillamarta.org\/wp-content\/uploads\/2022\/03\/Foto-coro-1-1024x576.jpg 1024w, https:\/\/corodelteatrovillamarta.org\/wp-content\/uploads\/2022\/03\/Foto-coro-1-300x169.jpg 300w, https:\/\/corodelteatrovillamarta.org\/wp-content\/uploads\/2022\/03\/Foto-coro-1-768x432.jpg 768w, https:\/\/corodelteatrovillamarta.org\/wp-content\/uploads\/2022\/03\/Foto-coro-1-1536x864.jpg 1536w, https:\/\/corodelteatrovillamarta.org\/wp-content\/uploads\/2022\/03\/Foto-coro-1.jpg 1600w\" sizes=\"auto, (max-width: 1024px) 100vw, 1024px\" \/><\/figure>\n\n\n\n<p>Igualmente, ha contribuido de manera destacada a la revitalizaci\u00f3n y proyecci\u00f3n de la zarzuela y la \u00f3pera espa\u00f1ola con su intervenci\u00f3n en <em>La Revoltosa <\/em>y <em>La bruja <\/em>de Ruperto Chap\u00ed; <em>El bateo <\/em>de Federico Chueca; <em>La Dolores <\/em>y <em>La verbena de la Paloma <\/em>de Tom\u00e1s Bret\u00f3n; <em>Maruxa<\/em>, <em>Bohemios<\/em>, <em>La Generala <\/em>y <em>Do\u00f1a Francisquita <\/em>de Amadeo Vives; <em>El caser\u00edo <\/em>de Jes\u00fas Guridi; <em>Los gavilanes <\/em>y <em>El hu\u00e9sped del Sevillano <\/em>de Jacinto Guerrero; <em>Katiuska <\/em>de Pablo Soroz\u00e1bal, <em>El asombro de Damasco <\/em>de Pablo Luna; <em>Don Gil de Alcal\u00e1 <\/em>de Manuel Penella; <em>La leyenda del beso <\/em>Reveriano Soutullo y Juan Vert; <em>Mis dos mujeres <\/em>de Francisco A. Barbieri; <em>La corte de Fara\u00f3n <\/em>de Vicente Lle\u00f3; <em>La canci\u00f3n del olvido <\/em>de Jos\u00e9 Serrano; <em>El d\u00fao de la Africana <\/em>de Manuel Fern\u00e1ndez Caballero.<\/p>\n\n\n\n<p>En el apartado sinf\u00f3nico-coral el Coro del Teatro Villamarta ha ofrecido varios conciertos donde ha interpretado, entre otras obras, la <em>Oda a Santa Cecilia <\/em>de Georg F. Haendel, la <em>Gran Misa en do menor <\/em>de W. A. Mozart, el <em>R\u00e9quiem <\/em>de G. Verdi, el <em>Miserere de Jerez <\/em>de Hilari\u00f3n de Eslava, el <em>Stabat Mater <\/em>de G. \u00c1lvarez-Beigbeder, la novena sinfon\u00eda de Beethoven, as\u00ed como varias Galas L\u00edricas.<\/p>\n\n\n\n<p>Durante estos a\u00f1os ha compartido escenario con grandes int\u00e9rpretes, entre ellos Ainhoa Arteta, Nancy Fabiola Herrera, Cristina Gallardo-Dom\u00e2s, Mariola Cantarero, \u00c1ngeles Blancas, Elisabete Matos, Leontina Vaduva, Ruth Rosique, Aleksandra Kurzak, Maria Jos\u00e9 Montiel, Mar\u00eda Rey-Joly, Sabina Puertolas, Elena de la Merced, Yolanda Auyanet, Ismael Jordi, Vladimir Chernov, Pedro Farr\u00e9s, Vicente Sardinero, Carlos Chausson, Carlos \u00c1lvarez, Greer Grimsley, Juan Jes\u00fas Rodriguez, Albert Monserrat, Luis \u00c1lvarez; maestros de la talla de Juan Luis P\u00e9rez, Elena Herrera, Kamal Khan, Enrique Patr\u00f3n de Rueda, Miguel Roa, Karel Mark Chichon, David Jim\u00e9nez Carreras, Miquel Ortega, Antonello Allemandi, Gianluca Martinenghi, Carlos Arag\u00f3n; y directores de escena de reconocido prestigio, como Francisco L\u00f3pez, Lindsay Kemp, Emilio Sagi, Jos\u00e9 Luis Castro, Roberto Lagan\u00e1, Gustavo Tambascio o Alfonso Zurro.<\/p>\n<\/div>\n\n\n\n<div class=\"wp-block-column is-layout-flow wp-block-column-is-layout-flow\" style=\"padding-top:0px;padding-right:0px;padding-bottom:0px;padding-left:0px\">\n<figure class=\"wp-block-image size-full\"><img loading=\"lazy\" decoding=\"async\" width=\"1011\" height=\"568\" src=\"https:\/\/corodelteatrovillamarta.org\/wp-content\/uploads\/2022\/03\/VVX-aniv-DDJ16-1.jpg\" alt=\"Gala XXV aniversario del Teatro Villamarta\" class=\"wp-image-1145\" srcset=\"https:\/\/corodelteatrovillamarta.org\/wp-content\/uploads\/2022\/03\/VVX-aniv-DDJ16-1.jpg 1011w, https:\/\/corodelteatrovillamarta.org\/wp-content\/uploads\/2022\/03\/VVX-aniv-DDJ16-1-300x169.jpg 300w, https:\/\/corodelteatrovillamarta.org\/wp-content\/uploads\/2022\/03\/VVX-aniv-DDJ16-1-768x431.jpg 768w\" sizes=\"auto, (max-width: 1011px) 100vw, 1011px\" \/><\/figure>\n\n\n\n<p class=\"has-small-font-size\">Gala XXV aniversario del Teatro Villamarta. Foto: Diario de Jerez<\/p>\n\n\n\n<p>En 2005, el sello de RTVE M\u00fasica edit\u00f3 la grabaci\u00f3n en directo de <em>La Traviata<\/em>, producci\u00f3n del Teatro Villamarta de 2004, en la que particip\u00f3 el Coro. En septiembre de 2007 celebr\u00f3 sus diez a\u00f1os de vida art\u00edstica con una Gala L\u00edrica en la que participaron las voces de Ruth Rosique, Cristina Faus, Ismael Jordi, Juan Jes\u00fas Rodr\u00edguez y Felipe Bou, destacados int\u00e9rpretes con los que ha compartido escenario a lo largo de esa primera d\u00e9cada de existencia.<\/p>\n\n\n\n<p>En diciembre de 2008 fue invitado a participar en el Concierto de Navidad \u201cAs\u00ed canta nuestra tierra\u201d, retransmitido por la RTVA y que cont\u00f3 con la participaci\u00f3n del tenor Jos\u00e9 Luis Sola, la soprano Ruth Rosique y la Orquesta Joven de Andaluc\u00eda.<\/p>\n\n\n\n<p>En junio de 2012 el Coro del Teatro Villamarta program\u00f3 una Gala L\u00edrica con motivo de su XV aniversario, donde intervinieron como artistas invitados la soprano \u00c1ngeles Blanca y el tenor Pablo Garc\u00eda, con la Orquesta L\u00edrica del Sur bajo la direcci\u00f3n musical de Carlos Arag\u00f3n.<\/p>\n\n\n\n<p>Desde su fundaci\u00f3n, el Coro ha contado con la direcci\u00f3n t\u00e9cnica de los maestros \u00c1ngel Hortas (1997-2006), Antonio Mart\u00edn (2006-2008), Juan Manuel P\u00e9rez (2008-2014), Joan Cabero (2014-2018),\u00a0 Ana\u00a0 Bel\u00e9n Ortega\u00a0 y Jos\u00e9 Ram\u00f3n Hern\u00e1ndez (2018-2022), Jos\u00e9 Miguel Rom\u00e1n (2022-2024). Actualmente, la directora titular es la maestra Marta Ben\u00edtez.<\/p>\n<\/div>\n<\/div>\n","protected":false},"excerpt":{"rendered":"<p>El Coro del Teatro Villamarta, fundado en 1997, cumple un papel fundamental en la vida cultural de Jerez. Cuenta actualmente con m\u00e1s de sesenta voces repartidas entre las cuerdas de [&hellip;]<\/p>\n","protected":false},"author":1,"featured_media":0,"parent":0,"menu_order":0,"comment_status":"closed","ping_status":"closed","template":"wp-custom-template-plantilla-personalizada","meta":{"_monsterinsights_skip_tracking":false,"_monsterinsights_sitenote_active":false,"_monsterinsights_sitenote_note":"","_monsterinsights_sitenote_category":0,"_EventAllDay":false,"_EventTimezone":"","_EventStartDate":"","_EventEndDate":"","_EventStartDateUTC":"","_EventEndDateUTC":"","_EventShowMap":false,"_EventShowMapLink":false,"_EventURL":"","_EventCost":"","_EventCostDescription":"","_EventCurrencySymbol":"","_EventCurrencyCode":"","_EventCurrencyPosition":"","_EventDateTimeSeparator":"","_EventTimeRangeSeparator":"","_EventOrganizerID":[],"_EventVenueID":[],"_OrganizerEmail":"","_OrganizerPhone":"","_OrganizerWebsite":"","_VenueAddress":"","_VenueCity":"","_VenueCountry":"","_VenueProvince":"","_VenueState":"","_VenueZip":"","_VenuePhone":"","_VenueURL":"","_VenueStateProvince":"","_VenueLat":"","_VenueLng":"","_VenueShowMap":false,"_VenueShowMapLink":false,"footnotes":""},"class_list":["post-8","page","type-page","status-publish","hentry"],"yoast_head":"<!-- This site is optimized with the Yoast SEO plugin v27.5 - https:\/\/yoast.com\/product\/yoast-seo-wordpress\/ -->\n<title>Historia del Coro - Coro del Teatro Villamarta<\/title>\n<meta name=\"robots\" content=\"index, follow, max-snippet:-1, max-image-preview:large, max-video-preview:-1\" \/>\n<link rel=\"canonical\" href=\"https:\/\/corodelteatrovillamarta.org\/index.php\/historia\/\" \/>\n<meta property=\"og:locale\" content=\"es_ES\" \/>\n<meta property=\"og:type\" content=\"article\" \/>\n<meta property=\"og:title\" content=\"Historia del Coro - Coro del Teatro Villamarta\" \/>\n<meta property=\"og:description\" content=\"El Coro del Teatro Villamarta, fundado en 1997, cumple un papel fundamental en la vida cultural de Jerez. Cuenta actualmente con m\u00e1s de sesenta voces repartidas entre las cuerdas de [&hellip;]\" \/>\n<meta property=\"og:url\" content=\"https:\/\/corodelteatrovillamarta.org\/index.php\/historia\/\" \/>\n<meta property=\"og:site_name\" content=\"Coro del Teatro Villamarta\" \/>\n<meta property=\"article:publisher\" content=\"https:\/\/www.facebook.com\/CorodelTeatroVillamarta\" \/>\n<meta property=\"article:modified_time\" content=\"2024-09-23T16:56:00+00:00\" \/>\n<meta property=\"og:image\" content=\"https:\/\/corodelteatrovillamarta.org\/wp-content\/uploads\/2022\/03\/Foto-coro-1-1024x576.jpg\" \/>\n<meta name=\"twitter:card\" content=\"summary_large_image\" \/>\n<meta name=\"twitter:label1\" content=\"Tiempo de lectura\" \/>\n\t<meta name=\"twitter:data1\" content=\"4 minutos\" \/>\n<script type=\"application\/ld+json\" class=\"yoast-schema-graph\">{\"@context\":\"https:\\\/\\\/schema.org\",\"@graph\":[{\"@type\":\"WebPage\",\"@id\":\"https:\\\/\\\/corodelteatrovillamarta.org\\\/index.php\\\/historia\\\/\",\"url\":\"https:\\\/\\\/corodelteatrovillamarta.org\\\/index.php\\\/historia\\\/\",\"name\":\"Historia del Coro - Coro del Teatro Villamarta\",\"isPartOf\":{\"@id\":\"https:\\\/\\\/corodelteatrovillamarta.org\\\/#website\"},\"primaryImageOfPage\":{\"@id\":\"https:\\\/\\\/corodelteatrovillamarta.org\\\/index.php\\\/historia\\\/#primaryimage\"},\"image\":{\"@id\":\"https:\\\/\\\/corodelteatrovillamarta.org\\\/index.php\\\/historia\\\/#primaryimage\"},\"thumbnailUrl\":\"https:\\\/\\\/corodelteatrovillamarta.org\\\/wp-content\\\/uploads\\\/2022\\\/03\\\/Foto-coro-1-1024x576.jpg\",\"datePublished\":\"2022-03-02T19:44:08+00:00\",\"dateModified\":\"2024-09-23T16:56:00+00:00\",\"breadcrumb\":{\"@id\":\"https:\\\/\\\/corodelteatrovillamarta.org\\\/index.php\\\/historia\\\/#breadcrumb\"},\"inLanguage\":\"es\",\"potentialAction\":[{\"@type\":\"ReadAction\",\"target\":[\"https:\\\/\\\/corodelteatrovillamarta.org\\\/index.php\\\/historia\\\/\"]}]},{\"@type\":\"ImageObject\",\"inLanguage\":\"es\",\"@id\":\"https:\\\/\\\/corodelteatrovillamarta.org\\\/index.php\\\/historia\\\/#primaryimage\",\"url\":\"https:\\\/\\\/corodelteatrovillamarta.org\\\/wp-content\\\/uploads\\\/2022\\\/03\\\/Foto-coro-1.jpg\",\"contentUrl\":\"https:\\\/\\\/corodelteatrovillamarta.org\\\/wp-content\\\/uploads\\\/2022\\\/03\\\/Foto-coro-1.jpg\",\"width\":1600,\"height\":900},{\"@type\":\"BreadcrumbList\",\"@id\":\"https:\\\/\\\/corodelteatrovillamarta.org\\\/index.php\\\/historia\\\/#breadcrumb\",\"itemListElement\":[{\"@type\":\"ListItem\",\"position\":1,\"name\":\"Portada\",\"item\":\"https:\\\/\\\/corodelteatrovillamarta.org\\\/\"},{\"@type\":\"ListItem\",\"position\":2,\"name\":\"Historia del Coro\"}]},{\"@type\":\"WebSite\",\"@id\":\"https:\\\/\\\/corodelteatrovillamarta.org\\\/#website\",\"url\":\"https:\\\/\\\/corodelteatrovillamarta.org\\\/\",\"name\":\"Coro del Teatro Villamarta\",\"description\":\"Web oficial de la Asociaci\u00f3n Cultural Coro del Teatro Villamarta\",\"publisher\":{\"@id\":\"https:\\\/\\\/corodelteatrovillamarta.org\\\/#organization\"},\"potentialAction\":[{\"@type\":\"SearchAction\",\"target\":{\"@type\":\"EntryPoint\",\"urlTemplate\":\"https:\\\/\\\/corodelteatrovillamarta.org\\\/?s={search_term_string}\"},\"query-input\":{\"@type\":\"PropertyValueSpecification\",\"valueRequired\":true,\"valueName\":\"search_term_string\"}}],\"inLanguage\":\"es\"},{\"@type\":\"Organization\",\"@id\":\"https:\\\/\\\/corodelteatrovillamarta.org\\\/#organization\",\"name\":\"Asociaci\u00f3n Cultural Coro del Teatro Villamarta\",\"url\":\"https:\\\/\\\/corodelteatrovillamarta.org\\\/\",\"logo\":{\"@type\":\"ImageObject\",\"inLanguage\":\"es\",\"@id\":\"https:\\\/\\\/corodelteatrovillamarta.org\\\/#\\\/schema\\\/logo\\\/image\\\/\",\"url\":\"https:\\\/\\\/corodelteatrovillamarta.org\\\/wp-content\\\/uploads\\\/2022\\\/03\\\/Logosimbolo1-1.png\",\"contentUrl\":\"https:\\\/\\\/corodelteatrovillamarta.org\\\/wp-content\\\/uploads\\\/2022\\\/03\\\/Logosimbolo1-1.png\",\"width\":464,\"height\":141,\"caption\":\"Asociaci\u00f3n Cultural Coro del Teatro Villamarta\"},\"image\":{\"@id\":\"https:\\\/\\\/corodelteatrovillamarta.org\\\/#\\\/schema\\\/logo\\\/image\\\/\"},\"sameAs\":[\"https:\\\/\\\/www.facebook.com\\\/CorodelTeatroVillamarta\",\"https:\\\/\\\/www.instagram.com\\\/corodelteatrovillamarta\\\/\",\"https:\\\/\\\/www.youtube.com\\\/@corodelteatrovillamarta4326\"]}]}<\/script>\n<!-- \/ Yoast SEO plugin. -->","yoast_head_json":{"title":"Historia del Coro - Coro del Teatro Villamarta","robots":{"index":"index","follow":"follow","max-snippet":"max-snippet:-1","max-image-preview":"max-image-preview:large","max-video-preview":"max-video-preview:-1"},"canonical":"https:\/\/corodelteatrovillamarta.org\/index.php\/historia\/","og_locale":"es_ES","og_type":"article","og_title":"Historia del Coro - Coro del Teatro Villamarta","og_description":"El Coro del Teatro Villamarta, fundado en 1997, cumple un papel fundamental en la vida cultural de Jerez. Cuenta actualmente con m\u00e1s de sesenta voces repartidas entre las cuerdas de [&hellip;]","og_url":"https:\/\/corodelteatrovillamarta.org\/index.php\/historia\/","og_site_name":"Coro del Teatro Villamarta","article_publisher":"https:\/\/www.facebook.com\/CorodelTeatroVillamarta","article_modified_time":"2024-09-23T16:56:00+00:00","og_image":[{"url":"https:\/\/corodelteatrovillamarta.org\/wp-content\/uploads\/2022\/03\/Foto-coro-1-1024x576.jpg","type":"","width":"","height":""}],"twitter_card":"summary_large_image","twitter_misc":{"Tiempo de lectura":"4 minutos"},"schema":{"@context":"https:\/\/schema.org","@graph":[{"@type":"WebPage","@id":"https:\/\/corodelteatrovillamarta.org\/index.php\/historia\/","url":"https:\/\/corodelteatrovillamarta.org\/index.php\/historia\/","name":"Historia del Coro - Coro del Teatro Villamarta","isPartOf":{"@id":"https:\/\/corodelteatrovillamarta.org\/#website"},"primaryImageOfPage":{"@id":"https:\/\/corodelteatrovillamarta.org\/index.php\/historia\/#primaryimage"},"image":{"@id":"https:\/\/corodelteatrovillamarta.org\/index.php\/historia\/#primaryimage"},"thumbnailUrl":"https:\/\/corodelteatrovillamarta.org\/wp-content\/uploads\/2022\/03\/Foto-coro-1-1024x576.jpg","datePublished":"2022-03-02T19:44:08+00:00","dateModified":"2024-09-23T16:56:00+00:00","breadcrumb":{"@id":"https:\/\/corodelteatrovillamarta.org\/index.php\/historia\/#breadcrumb"},"inLanguage":"es","potentialAction":[{"@type":"ReadAction","target":["https:\/\/corodelteatrovillamarta.org\/index.php\/historia\/"]}]},{"@type":"ImageObject","inLanguage":"es","@id":"https:\/\/corodelteatrovillamarta.org\/index.php\/historia\/#primaryimage","url":"https:\/\/corodelteatrovillamarta.org\/wp-content\/uploads\/2022\/03\/Foto-coro-1.jpg","contentUrl":"https:\/\/corodelteatrovillamarta.org\/wp-content\/uploads\/2022\/03\/Foto-coro-1.jpg","width":1600,"height":900},{"@type":"BreadcrumbList","@id":"https:\/\/corodelteatrovillamarta.org\/index.php\/historia\/#breadcrumb","itemListElement":[{"@type":"ListItem","position":1,"name":"Portada","item":"https:\/\/corodelteatrovillamarta.org\/"},{"@type":"ListItem","position":2,"name":"Historia del Coro"}]},{"@type":"WebSite","@id":"https:\/\/corodelteatrovillamarta.org\/#website","url":"https:\/\/corodelteatrovillamarta.org\/","name":"Coro del Teatro Villamarta","description":"Web oficial de la Asociaci\u00f3n Cultural Coro del Teatro Villamarta","publisher":{"@id":"https:\/\/corodelteatrovillamarta.org\/#organization"},"potentialAction":[{"@type":"SearchAction","target":{"@type":"EntryPoint","urlTemplate":"https:\/\/corodelteatrovillamarta.org\/?s={search_term_string}"},"query-input":{"@type":"PropertyValueSpecification","valueRequired":true,"valueName":"search_term_string"}}],"inLanguage":"es"},{"@type":"Organization","@id":"https:\/\/corodelteatrovillamarta.org\/#organization","name":"Asociaci\u00f3n Cultural Coro del Teatro Villamarta","url":"https:\/\/corodelteatrovillamarta.org\/","logo":{"@type":"ImageObject","inLanguage":"es","@id":"https:\/\/corodelteatrovillamarta.org\/#\/schema\/logo\/image\/","url":"https:\/\/corodelteatrovillamarta.org\/wp-content\/uploads\/2022\/03\/Logosimbolo1-1.png","contentUrl":"https:\/\/corodelteatrovillamarta.org\/wp-content\/uploads\/2022\/03\/Logosimbolo1-1.png","width":464,"height":141,"caption":"Asociaci\u00f3n Cultural Coro del Teatro Villamarta"},"image":{"@id":"https:\/\/corodelteatrovillamarta.org\/#\/schema\/logo\/image\/"},"sameAs":["https:\/\/www.facebook.com\/CorodelTeatroVillamarta","https:\/\/www.instagram.com\/corodelteatrovillamarta\/","https:\/\/www.youtube.com\/@corodelteatrovillamarta4326"]}]}},"_links":{"self":[{"href":"https:\/\/corodelteatrovillamarta.org\/index.php\/wp-json\/wp\/v2\/pages\/8","targetHints":{"allow":["GET"]}}],"collection":[{"href":"https:\/\/corodelteatrovillamarta.org\/index.php\/wp-json\/wp\/v2\/pages"}],"about":[{"href":"https:\/\/corodelteatrovillamarta.org\/index.php\/wp-json\/wp\/v2\/types\/page"}],"author":[{"embeddable":true,"href":"https:\/\/corodelteatrovillamarta.org\/index.php\/wp-json\/wp\/v2\/users\/1"}],"replies":[{"embeddable":true,"href":"https:\/\/corodelteatrovillamarta.org\/index.php\/wp-json\/wp\/v2\/comments?post=8"}],"version-history":[{"count":17,"href":"https:\/\/corodelteatrovillamarta.org\/index.php\/wp-json\/wp\/v2\/pages\/8\/revisions"}],"predecessor-version":[{"id":1981,"href":"https:\/\/corodelteatrovillamarta.org\/index.php\/wp-json\/wp\/v2\/pages\/8\/revisions\/1981"}],"wp:attachment":[{"href":"https:\/\/corodelteatrovillamarta.org\/index.php\/wp-json\/wp\/v2\/media?parent=8"}],"curies":[{"name":"wp","href":"https:\/\/api.w.org\/{rel}","templated":true}]}}